5 (base 12) in base 6?
-2345
What is -3421 (base 8) in base 2?
-11100010001
8aa1 (base 11) to base 9
17368
What is -21172 (base 8) in base 13?
-402c
Convert 201 (base 13) to base 15.
179
Convert 261 (base 7) to base 8.
215
-63534 (base 9) to base 7
-233263
-588 (base 10) to base 4
-21030
-4356 (base 12) to base 5
-214120
-11221002 (base 4) to base 16
-5a42
-10101011011 (base 2) to base 14
-6dd
3b2 (base 14) to base 8
1350
4360 (base 14) to base 13
53c0
Convert -21458 (base 10) to base 2.
-101001111010010
-1758 (base 10) to base 11
-1359
Convert -4994 (base 10) to base 9.
-6758
Convert 5a4 (base 12) to base 5.
11334
201454 (base 6) to base 4
3321022
-ab6 (base 16) to base 6
-20410
Convert -13232 (base 5) to base 10.
-1067
Convert -31111 (base 4) to base 16.
-355
What is -9515 (base 11) in base 14?
-4840
What is -17509 (base 11) in base 15?
-7432
Convert 61607 (base 8) to base 11.
18163
-1121110002 (base 3) to base 13
-11555
What is 2102 (base 8) in base 6?
5014
What is -53346 (base 7) in base 3?
-200010110
What is 2316 (base 9) in base 13?
a20
What is -146342 (base 7) in base 12?
-146b2
-10011001101101 (base 2) to base 16
-266d
-1543132 (base 6) to base 16
-16520
Convert 8427 (base 10) to base 2.
10000011101011
Convert 22320 (base 4) to base 6.
3120
Convert -1548 (base 10) to base 6.
-11100
What is -1000140 (base 5) in base 9?
-23441
Convert 6647 (base 8) to base 14.
13b9
Convert 25a7 (base 14) to base 11.
4a74
1481 (base 12) to base 16
961
2303 (base 6) to base 3
202010
What is 4541 (base 6) in base 15?
4b4
-10100110001000 (base 2) to base 12
-61a0
What is -8650 (base 11) in base 9?
-16608
Convert -3bd (base 14) to base 9.
-1028
What is -3552 (base 8) in base 14?
-998
2223 (base 6) to base 3
201020
33614 (base 7) to base 9
12635
dd4 (base 14) to base 16
aae
-71 (base 14) to base 9
-120
Convert abcd (base 16) to base 13.
17032
-1658 (base 12) to base 5
-41120
Convert -1008 (base 16) to base 12.
-2460
-309 (base 12) to base 9
-540
301001 (base 4) to base 6
22305
Convert -9cb (base 14) to base 8.
-3627
-6c26 (base 13) to base 5
-441432
Convert 400c (base 15) to base 16.
34c8
What is 60b5 (base 13) in base 10?
13330
What is -13321 (base 8) in base 15?
-1ae6
Convert 60 (base 11) to base 5.
231
Convert -253 (base 14) to base 15.
-210
-2271 (base 10) to base 3
-10010010
518 (base 11) to base 8
1160
-202222 (base 3) to base 10
-566
-255 (base 11) to base 13
-1a3
-60476 (base 8) to base 10
-24894
-2885 (base 13) to base 10
-5855
What is -110110 (base 2) in base 7?
-105
Convert -358 (base 11) to base 14.
-226
What is -1011111000 (base 2) in base 5?
-11020
What is -201123 (base 4) in base 16?
-85b
Convert 50 (base 16) to base 5.
310
-1201 (base 3) to base 4
-232
What is -966 (base 16) in base 2?
-100101100110
Convert 69 (base 11) to base 15.
50
Convert 50e9 (base 15) to base 13.
7a1c
What is -100111120 (base 3) in base 14?
-274b
What is 220301 (base 4) in base 15?
b8e
-758 (base 13) to base 16
-4e8
-1002 (base 7) to base 3
-110210
What is 84187 (base 9) in base 10?
55564
Convert 1100011 (base 2) to base 12.
83
What is -26521 (base 9) in base 2?
-100011000000000
What is -20213 (base 6) in base 14?
-d8d
-10111100 (base 2) to base 5
-1223
Convert -323101 (base 4) to base 11.
-2939
What is 1053 (base 8) in base 2?
1000101011
What is -8843 (base 10) in base 5?
-240333
-2200011 (base 3) to base 13
-b6b
Convert 7352 (base 8) to base 7.
14063
Convert -1dc1 (base 16) to base 7.
-31131
288f (base 16) to base 3
112020120
-1255b (base 14) to base 13
-1760b
Convert -20136 (base 8) to base 11.
-6253
110000010 (base 2) to base 3
112022
Convert -101010110101 (base 2) to base 16.
-ab5
Convert 765 (base 8) to base 10.
501
Convert 1313 (base 6) to base 5.
2313
-359b (base 15) to base 16
-2c84
What is 4402 (base 5) in base 7?
1520
Convert -37 (base 10) to base 16.
-25
-1001011010111 (base 2) to base 15
-1668
Convert 2321 (base 7) to base 13.
503
Convert 2248 (base 9) to base 14.
86c
What is -24105 (base 6) in base 10?
-3497
What is 4bc (base 13) in base 12?
593
-13454 (base 13) to base 4
-20300321
13411 (base 5) to base 2
10001010010
Convert -40475 (base 9) to base 3.
-1100112112
What is 1110011110010 (base 2) in base 3?
101011110
What is 5605 (base 9) in base 8?
10050
Convert 17951 (base 12) to base 16.
858d
What is -14163 (base 7) in base 6?
-25523
-1521 (base 8) to base 7
-2322
Convert -23356 (base 9) to base 12.
-9043
What is -5134 (base 10) in base 12?
-2b7a
What is -1400 (base 6) in base 13?
-219
-33 (base 4) to base 2
-1111
132220 (base 4) to base 11
1522
Convert -125317 (base 8) to base 10.
-43727
What is -2134 (base 5) in base 10?
-294
What is -114 (base 5) in base 13?
-28
What is 12140 (base 5) in base 9?
1232
Convert 2a2b (base 12) to base 9.
6678
Convert 198b9 (base 15) to base 14.
2234a
What is -2211 (base 7) in base 16?
-318
What is -3845 (base 9) in base 14?
-1096
What is -33 (base 7) in base 6?
-40
Convert -3233310 (base 4) to base 10.
-15348
What is db9 (base 14) in base 4?
222113
Convert -221 (base 11) to base 12.
-1a1
-1202222 (base 3) to base 9
-1688
What is -853 (base 12) in base 5?
-14330
679 (base 15) to base 2
10110111000
What is -56331 (base 9) in base 4?
-21021022
171 (base 10) to base 3
20100
What is -22830 (base 9) in base 5?
-442010
-1210202120 (base 3) to base 5
-2114142
What is -5505 (base 6) in base 11?
-a50
-15a1 (base 16) to base 11
-4184
10000001110001 (base 2) to base 6
102241
What is -101101000011011 (base 2) in base 15?
-6c7c
b69c (base 13) to base 4
12023132
What is -1da (base 16) in base 14?
-25c
Convert 1122022211 (base 3) to base 13.
11929
What is 101110111 (base 2) in base 3?
111220
What is -1936 (base 10) in base 13?
-b5c
Convert -152134 (base 7) to base 2.
-111001110000100
What is -2210 (base 12) in base 15?
-11a6
Convert -393 (base 12) to base 16.
-21f
What is -100111001100 (base 2) in base 6?
-15340
-11232000 (base 4) to base 14
-8772
-5988 (base 11) to base 6
-100144
-362a (base 11) to base 2
-1001010001111
What is -7ba (base 14) in base 3?
-2002220
-110323 (base 4) to base 9
-1747
What is -3fc (base 16) in base 8?
-1774
What is 836 (base 14) in base 7?
4466
What is -21 (base 11) in base 15?
-18
1000100000110 (base 2) to base 4
1010012
What is -3414 (base 7) in base 9?
-1623
10000001100 (base 2) to base 15
491
What is 10011010101 (base 2) in base 10?
1237
What is -183 (base 11) in base 3?
-21212
What is 165525 (base 7) in base 9?
50470
660 (base 11) to base 10
792
553 (base 8) to base 3
111110
What is -3125 (base 6) in base 14?
-381
What is 2103 (base 5) in base 2?
100010110
-2068 (base 10) to base 7
-6013
What is -302 (base 7) in base 4?
-2111
13123 (base 6) to base 15
8d0
-1200 (base 9) to base 6
-4043
-11300 (base 5) to base 14
-42d
Convert -1255 (base 6) to base 7.
-641
What is 22000 (base 3) in base 6?
1000
Convert -20216 (base 10) to base 2.
-100111011111000
What is -1120203 (base 4) in base 5?
-140132
43315 (base 7) to base 14
3d0c
Convert -10a39 (base 15) to base 11.
-36848
What is -852 (base 11) in base 9?
-1358
1044 (base 11) to base 13
821
3e6 (base 16) to base 11
828
What is 8267 (base 13) in base 9?
26618
What is 1c93 (base 13) in base 11?
32a0
Convert -211413 (base 7) to base 9.
-55136
11210 (base 4) to base 6
1352
What is -f20 (base 16) in base 2?
-111100100000
What is 620 (base 9) in base 7?
1320
What is -105461 (base 7) in base 8?
-44511
What is -3045 (base 6) in base 15?
-302
What is 1225 (base 6) in base 2?
100110001
Convert -330203 (base 4) to base 16.
-f23
1123340 (base 5) to base 15
60ea
427 (base 12) to base 8
1137
Convert -5242 (base 13) to base 10.
-11377
Convert 8068 (base 9) to base 5.
142034
Convert -200032 (base 4) to base 8.
-4016
Convert -a237 (base 15) to base 2.
-1000010111001100
Convert 1885 (base 16) to base 11.
4797
What is -1937 (base 11) in base 10?
-2460
What is -236 (base 7) in base 9?
-148
Convert 1a555 (base 14) to base 7.
366035
What is -7373 (base 10) in base 6?
-54045
What is -3335 (base 9) in base 12?
-1512
What is -10341 (base 6) in base 12?
-9b1
-101110011110011 (base 2) to base 12
-1192b
What is -918 (base 11) in base 2?
-10001010100
What is -11010100 (base 2) in base 13?
-134
468 (base 15) to base 10
998
-319 (base 10) to base 8
-477
-100011100011111 (base 2) to base 7
-10